(4). What is d(c)?
-1
Let u(r) = -11 + 14 + 6*r + r**2 + 0. Give u(-6).
3
Let q(z) = -z**2 + 7*z - 6. Suppose 3*k = -21 - 6. Let x(l) = -3*l + 5*l - 17*l + 8*l**2 + 6*l + 5 + l**3. Let u be x(k). What is q(u)?
4
Suppose z = w - 6 + 2, 0 = -z - 5. Let x(s) = -8*s**3 + s**2 - s - 1. Let l be x(w). Let t be 2/((-3)/l - 0). Let n(p) = -p**2 - 8*p - 7. Determine n(t).
5
Let g(l) = 1. Let y(s) = -s - 4. Let v(j) = -g(j) - y(j). Determine v(-6).
-3
Let n = -13 - -10. Let m(k) be the second derivative of -1/2*k**3 - 1/3*k**4 + 0 - 1/20*k**5 - k**2 + k. Determine m(n).
-2
Let t(x) = 5*x**3 + x**2 + 2*x + 2. Let i be t(-1). Let s(o) = o**2 + 1. Let y(v) = -5*v**2 + 5*v - 11. Let b(q) = i*s(q) - y(q). Give b(5).
7
Let t(g) = -g**3 + 6*g**2 + 5. Let f be 1 + 4/(12/(-9)). Let v(k) = k**3 + 4*k**2 + 3*k. Let l be v(f). Suppose 1 + 11 = l*n. Calculate t(n).
5
Suppose 2*d = 5*i - 0*i - 6, -12 = -3*d - 3*i. Let a(p) = -2*p**2 - p**3 + 3*p**2 - 5*p**2 + p**2 + d. Determine a(-3).
2
Let i(s) = -3*s - 1. Suppose 11*r + 5 = -6. Give i(r).
2
Let n = -52 + -56. Let h be (-2)/(-10) - n/10. Suppose h - 31 = 5*a. Let o(k) = -k**2 - 5*k - 4. Determine o(a).
0
Let o(u) = u**2 + 7*u - 3. Let t be o(-7). Let y(b) = b. Let z(d) = -4*d + 1. Suppose 2*p - p = -1. Let r(w) = p*z(w) - 5*y(w). Give r(t).
2
Suppose 10 = 5*n + 35. Let x(k) = k**2 + 5*k - 7. Calculate x(n).
-7
Let b(g) = -g**3 + 7*g**2 - 10*g + 8. Suppose -2*m - m - 2*r = -8, 4*r = -m - 14. Determine b(m).
-16
Let w(o) = -o**3 - 5*o**2 + 4*o + 6. Suppose 4*v = 166 - 186. What is w(v)?
-14
Let c(i) = i**3 + 3*i**2 + i + 2. Let a be (1 - 1/2)*0. Let f = -3 + a. Give c(f).
-1
Let d be (9/(-3))/(-3 - -2). Let f(n) = n - 3. Suppose 5*p - 5 = -20. Let c(x) = -x + 3. Let y(o) = p*f(o) - 4*c(o). What is y(d)?
0
Let h(s) = 14*s**3 - 1 - s**2 + 0*s**2 - 2*s - 12*s**3 + 0*s**2. Let m = 2 + -3. What is h(m)?
-2
Let b(h) = h - 5. Let v be 8/6*(-3)/(-2). Suppose 4*z + 15 = -z, 0 = -5*r + 4*z + 47. Suppose u + v = r. Calculate b(u).
0
Let m(q) = -1 - q + 6 - 2. What is m(3)?
0
Let x(v) = -v**3 - 7*v**2 + 9*v + 5. Let s be x(-8). Let z be (s*1)/(5/10). Let q(r) = -6*r**2 - 6*r - 2 + 3*r**2 + 2*r**2. What is q(z)?
-2
Suppose 8 - 20 = -4*h. Let q(g) = -g**2 + 5*g**2 + 12*g**3 - 5*g**3 - h*g**2. What is q(1)?
8
Let d(c) = 7*c**3 - 11*c**2 + 7*c. Let v(o) = 3*o**3 - 5*o**2 + 3*o. Let y(m) = 4*d(m) - 9*v(m). Calculate y(-1).
-1
Let j(w) be the second derivative of -w**5/20 - w**4/12 + w**3/2 + w**2 + 16*w. Determine j(-2).
0
Let x(c) be the second derivative of 5/12*c**4 + 1/20*c**5 + 5*c + 0 + 2/3*c**3 + 3*c**2. Give x(-4).
6
Let z be -10 + -2 + 4 + -2. Let d = 10 + z. Let o(f) = -f**3 + f**2 - f - 1. Calculate o(d).
-1
Let s(m) = 1. Let n(q) be the first derivative of -q**2/2 + 2*q + 1. Let h(p) = n(p) - 3*s(p). Let i be ((-5)/4)/(2/8). Calculate h(i).
4
Let c be ((-18)/(-15))/((-3)/(-10)). Let v(r) = 2*r - 16. Let a be v(9). Let i(o) = 0*o + a*o**2 + o - 3*o + o**3 + c. What is i(-3)?
1
Suppose 0 = -5*u + 21 - 1. Let n(o) = o**2 - 3*o + 1. What is n(u)?
5
Suppose 0 = -4*t - 17 + 1. Let u(n) = -n**2 - 6*n + 1. Let z be u(-7). Let g(m) = -4*m + 9. Let o(i) = -5*i + 10. Let r(k) = z*o(k) + 7*g(k). What is r(t)?
-5
Let l = 8 + -7. Let h(d) = -5 - l - d + d + d. Give h(0).
-6
Let f(b) be the first derivative of -1/3*b**3 - 1/2*b**2 - 3/2*b**4 - b + 5. Let p(u) = -u + 3. Let t be p(4). Give f(t).
5
Suppose y - 1 - 2 = 0. Let o(q) = 0 + 3*q - 2*q + 3*q**2 + 3 + q**y. Suppose 0 = -5*s + 5*c - 30, 2*s - 2*c = -4*c. Calculate o(s).
0
Suppose 2*q + 2*j + j = 17, -4*j + 4 = 0. Let x(b) = 6*b**2 + 3*b + 5. Let a(o) = -o**2 - 2*o. Let r(f) = -5*a(f) - x(f). Determine r(q).
-5
Let z = 28 + -25. Let v(c) = -c**3 + c**2 + 3*c + 1. What is v(z)?
-8
Suppose c - 8 = -3. Suppose 0*w + 8 = 2*w, 5*l - c*w + 10 = 0. Let r(i) = 1 + i**l + 3*i - 3*i - i. Calculate r(2).
3
Let q(h) = -2*h**2 - h - 2. Let z be 1/(-7) + 40/(-14) + 5. What is q(z)?
-12
Let g(d) be the second derivative of -d**3/6 - d**2/2 - 5*d. Determine g(-4).
3
Let m(a) = -4*a**2 - a**3 + 0*a**3 + 6*a**2 + 2*a**2. Let c be 14/2 - (2 - 4). Let x = c - 5. What is m(x)?
0
Let g(a) = -a. Let u be g(-6). Let b be ((-9)/u - -2)*8. Suppose 3*m - s - 34 = b*s, -m + 3*s + 18 = 0. Let n(i) = -i**3 + 3*i**2 + i - 3. Determine n(m).
0
Let k(u) = -2*u**2 + 7*u + 4. Let q(n) = -3*n**2 + 8*n + 5. Let a(c) = -4*k(c) + 3*q(c). What is a(-5)?
-6
Suppose 5*y = 12*y + 35. Let q(o) = -2*o - 7. Give q(y).
3
Let c(d) be the first derivative of d**2 + 1 - 1/24*d**4 - d**3 + 0*d. Let n(u) be the second derivative of c(u). Give n(0).
-6
Let h(p) = -2*p + 4. Suppose 0 = v + v + 10, -2*r + 1 = -3*v. Give h(r).
18
Let a be -3*(-1)/(-2)*(-8)/(-3). Let u(z) = -z**2 - 2*z + 4. Give u(a).
-4
Let j(c) = 8*c**2 - 16*c**3 - 7 - 12*c**2 + 15*c**3 + 2*c. What is j(-5)?
8
Let k(n) = -n**3 - 8*n**2 - n - 8. Let z be k(-8). Let o(a) = -a + 1. Give o(z).
1
Let w be (-2)/(-2)*(20 - 1). Let r = 10 - w. Let s be (6/r)/(2/(-6)). Let n(v) = -v**3 + 3*v**2 - 2*v + 1. Determine n(s).
1
Let d = 16 + -11. Let q(j) be the second derivative of -j**6/720 + j**5/20 - j**4/6 - j. Let r(k) be the third derivative of q(k). Determine r(d).
1
Let u(o) = -o**2 + 4*o + 4. Let g be u(5). Suppose 0 = 6*f - f + 15. Let v(d) = d + 4. Let c(m) = 3*m + 11. Let l(z) = f*c(z) + 8*v(z). Determine l(g).
0
Let t(z) = 3*z + 17. Let s(l) = l + 6. Let b(n) = -17*s(n) + 6*t(n). Let c be b(0). Let u(g) = -g**2 + g + 5. Give u(c).
5
Let x be 14 + -7 + (-2 - 0). Let t(s) = s**3 - 4*s**2 - 7*s + 3. Determine t(x).
-7
Suppose 13*b - 9 = -87. Let y(o) = o - 1. Let p(d) = 2*d - 2. Let h(u) = -3*p(u) + 5*y(u). Determine h(b).
7
Let s = -2 - -3. Let k(d) = 4 + s + 3*d - 2*d - 3*d. What is k(5)?
-5
Let s be (1/2)/(3/36). Let o(t) = -9*t - t**2 + 4*t**2 + 3*t**2 + 8*t + 2 - t**3. Calculate o(s).
-4
Let v(f) = -f**2 - 6*f - 9. Let u(w) = w**2 + 5*w + 9. Let q(j) = -3*u(j) - 4*v(j). Calculate q(-6).
-9
Suppose 0 = s - 2*s + 7. Let t(q) = s*q**3 + 9*q**2 - 1 + q - 10*q**2 + 0. What is t(1)?
6
Let v(y) = y**2 + 2*y + 39 - 18 - 19. Calculate v(-3).
5
Let h be (-1)/(-2) - 5/2. Let y = 0 - h. Let i(l) = l**2 - 4 + 2*l**2 - y*l**2 + 5. What is i(1)?
2
Let g = 26 - 15. Suppose -1 = -5*j + 5*q + 4, -j = -3*q - g. Let s(z) = z**3 + 4*z**2 + z - 1. Give s(j).
-5
Suppose -3*d = -0*d + q + 13, 5*d - q + 19 = 0. Let f be 1 + 4/(0 + 2). Let i(z) = -f*z**2 + 3*z + 2*z - 2 + 4*z**2. Calculate i(d).
-6
Let t be (-2)/(((-12)/(-3))/(-4)). Let h(g) = g**3 - 3*g + 1. Determine h(t).
3
Let x(z) = -z**3 - 12*z**2 + 13*z + 2. Let g be x(-13). Let p(u) = -1 + 24*u**2 - 4*u - 25*u**g - 3*u - 2. Determine p(-5).
7
Let k(f) = -2*f**3 - 8*f**2 - 2*f + 10. Let p(q) = -q**3 - 7*q**2 - q + 9. Let d(m) = -2*k(m) + 3*p(m). Give d(5).
12
Let w(o) = -o**3 + 3*o**2 + 3*o - 4. Let g be w(3). Suppose -n = g - 3. Let t(a) = -4*a - 2. Calculate t(n).
6
Suppose 2*z - 15 = -3*z. Let n = 11 - 1. Suppose -b = -z*b - n. Let u(j) = 2*j + 6. Calculate u(b).
-4
Let f(r) = -r**2 - r - 1. Let h(j) = -4*j**2 - 6*j - 5. Let u(s) = 5*f(s) - h(s). Calculate u(0).
0
Let j(t) = -t + 6. Let i be j(8). Let z be (9 - 3)*(-1)/i. Let d(m) = -2*m**2 - 1. Let g(v) = -3*v**2 - v - 1. Let x(k) = 5*d(k) - 3*g(k). Calculate x(z).
-2
Let p(d) = d**3 - 3*d**2 - 2 + 9*d**2 + 0*d**3 + 3*d - d. Calculate p(-6).
-14
Let k(p) = 2*p**2 - 2*p**3 + 2*p**2 - 3*p + p**3. Suppose 5*q - 18 = -3*x, -11 = -5*x - 3*q + 3. Let z be x*(-1 - 2)*-1. What is k(z)?
0
Let f(i) = 4*i**3 - i**2. Let r(p) = -p**3 + 9*p**2 + 10*p + 1. Let c be r(10). Calculate f(c).
3
Suppose -3*y - 12 = 5*v, 4*y + 13 = -5*v + 2. Let f(u) = -2*u**2 - u + 2. Determine f(v).
-13
Let w = 13 + -19. Let s = w + 8. Suppose 0 = f - s + 3. Let o(r) = 2*r**3. Calculate o(f).
-2
Let g(d) = d**2 + 5*d + 6. Let x be g(-4). Let j(w) = 2 - 5*w**2 + 5*w**x - 1 + w**2. Determine j(2).
5
Let x(b) = -b**2 - 3*b - 2. Suppose -36 = -4*t - 2*t. Let i = t - 10. What is x(i)?
-6
Let i(l) = 4*l**3 + 15*l**2 - 12*l**2 + 2 + 2*l - 3*l**3. Give i(-3).
-4
Let t be 9/(-3) - (-6 + 1). Suppose -5*p - 4*g + 18 = -t*p, -g - 1 = -2*p. Let i(a) = 5*a + p + 2 + a**2 - 2. Calculate i(-3).
-4
Let j(n) = n**3 - n**2 + n + 13. Let c(k) = -k**3 - k - 15. Let u(w) = -4*c(w) - 5*j(w). Calculate u(4).
7
Let h(j) = 2 - 6 + 2*j - 2